 digit of 2778200355?
3
What is the tens digit of 5544305695?
9
What is the hundred thousands digit of 82307480?
3
What is the ten millions digit of 346554013?
4
What is the millions digit of 2067208391?
7
What is the units digit of 1560070376?
6
What is the tens digit of 7285435?
3
What is the hundred thousands digit of 1920335150?
3
What is the hundred thousands digit of 153815864?
8
What is the ten millions digit of 137193546?
3
What is the ten thousands digit of 2219740515?
4
What is the millions digit of 326037860?
6
What is the ten millions digit of 90882386?
9
What is the ten thousands digit of 2331076954?
7
What is the units digit of 2544091111?
1
What is the units digit of 99577929?
9
What is the ten millions digit of 418237696?
1
What is the thousands digit of 937675381?
5
What is the thousands digit of 86522099?
2
What is the tens digit of 1712191409?
0
What is the thousands digit of 2917119370?
9
What is the hundreds digit of 73459526?
5
What is the millions digit of 8244840585?
4
What is the ten millions digit of 1467712630?
6
What is the billions digit of 3066156609?
3
What is the ten millions digit of 7535032376?
3
What is the hundred thousands digit of 514148871?
1
What is the units digit of 2680401791?
1
What is the units digit of 368283307?
7
What is the thousands digit of 48072735?
2
What is the ten thousands digit of 55603121?
0
What is the hundred millions digit of 350133275?
3
What is the tens digit of 156727545?
4
What is the units digit of 259623960?
0
What is the hundreds digit of 13310220?
2
What is the thousands digit of 72615591?
5
What is the ten millions digit of 35207654?
3
What is the hundred millions digit of 1634653871?
6
What is the millions digit of 701575697?
1
What is the hundred millions digit of 1472458485?
4
What is the hundred thousands digit of 4739807295?
8
What is the ten thousands digit of 1250589664?
8
What is the tens digit of 36713475?
7
What is the ten thousands digit of 196771229?
7
What is the ten thousands digit of 1308705731?
0
What is the hundred thousands digit of 789317634?
3
What is the thousands digit of 93438463?
8
What is the thousands digit of 990495165?
5
What is the ten millions digit of 31776082?
3
What is the tens digit of 63935268?
6
What is the ten thousands digit of 251747092?
4
What is the hundred thousands digit of 493607278?
6
What is the hundred thousands digit of 106309890?
3
What is the tens digit of 8609817?
1
What is the ten millions digit of 34778382?
3
What is the ten thousands digit of 89388674?
8
What is the millions digit of 57054067?
7
What is the hundreds digit of 105217178?
1
What is the hundred thousands digit of 112526403?
5
What is the millions digit of 89703050?
9
What is the tens digit of 24596900?
0
What is the hundreds digit of 673245?
2
What is the units digit of 4478029462?
2
What is the ten thousands digit of 205979650?
7
What is the hundred millions digit of 212494101?
2
What is the thousands digit of 3658489871?
9
What is the hundred thousands digit of 57735265?
7
What is the hundreds digit of 1225336546?
5
What is the tens digit of 101835222?
2
What is the hundred thousands digit of 185951966?
9
What is the millions digit of 246479596?
6
What is the hundred thousands digit of 6609532?
6
What is the billions digit of 4337441142?
4
What is the ten thousands digit of 5086545?
8
What is the hundred thousands digit of 34453865?
4
What is the hundreds digit of 201985769?
7
What is the units digit of 213809355?
5
What is the ten thousands digit of 2496415731?
1
What is the ten thousands digit of 325979722?
7
What is the ten millions digit of 772625978?
7
What is the hundred millions digit of 135704260?
1
What is the thousands digit of 55589178?
9
What is the millions digit of 1319597942?
9
What is the thousands digit of 305698760?
8
What is the thousands digit of 863150743?
0
What is the units digit of 1422266969?
9
What is the units digit of 76029828?
8
What is the tens digit of 65001066?
6
What is the hundreds digit of 56530212?
2
What is the units digit of 15125105?
5
What is the hundred millions digit of 271510040?
2
What is the billions digit of 1247359878?
1
What is the ten thousands digit of 709644423?
4
What is the tens digit of 127210173?
7
What is the hundreds digit of 42206487?
4
What is the thousands digit of 3141934568?
4
What is the hundred thousands digit of 7301290787?
2
What is the hundreds digit of 172515707?
7
What is the ten millions digit of 265981761?
6
What is the ten thousands digit of 91498191?
9
What is the thousands digit of 317037513?
7
What is the millions digit of 57412716?
7
What is the ten millions digit of 143871942?
4
What is the hundred millions digit of 2988740061?
9
What is the units digit of 23455569?
9
What is the units digit of 89712113?
3
What is the ten thousands digit of 48578733?
7
What is the hundreds digit of 433331525?
5
What is the millions digit of 34239532?
4
What is the thousands digit of 524685486?
5
What is the millions digit of 786097785?
6
What is the hundreds digit of 320899429?
4
What is the tens digit of 50681358?
5
What is the hundred thousands digit of 320077239?
0
What is the hundred millions digit of 7142694335?
1
What is the hundreds digit of 665710408?
4
What is the tens digit of 2252281?
8
What is the ten thousands digit of 1189824356?
2
What is the hundreds digit of 926222935?
9
What is the millions digit of 216010324?
6
What is the units digit of 64820298?
8
What is the tens digit of 16220824?
2
What is the ten millions digit of 48367924?
4
What is the hundreds digit of 99299550?
5
What is the ten thousands digit of 23062319?
6
What is the hundred thousands digit of 1489753312?
7
What is the ten millions digit of 48277344?
4
What is the hundred millions digit of 638337928?
6
What is the units digit of 49693083?
3
What is the tens digit of 359607054?
5
What is the hundreds digit of 40280740?
7
What is the billions digit of 6058880474?
6
What is the millions digit of 42740868?
2
What is the millions digit of 2101514450?
1
What is the tens digit of 91379340?
4
What is the thousands digit of 95911311?
1
What is the units digit of 517075760?
0
What is the billions digit of 1859313490?
1
What is the millions digit of 59831077?
9
What is the hundreds digit of 542314843?
8
What is the millions digit of 817681889?
7
What is the thousands digit of 226274032?
4
What is the ten millions digit of 2247626306?
4
What is the units digit of 109777287?
7
What is the millions digit of 15577646?
5
What is the ten thousands digit of 154665998?
6
What is the units digit of 879619700?
0
What is the ten thousands digit of 3210493?
1
What is the ten thousands digit of 19334558?
3
What is the tens digit of 22594760?
6
What is the hundred thousands digit of 2351452685?
4
What is the ten millions digit of 306995072?
0
What is the thousands digit of 619580245?
0
What is the ten millions digit of 46260390?
4
What is the ten millions digit of 79001390?
7
What is the thousands digit of 1650027143?
7
What is the ten thousands digit of 4061933370?
3
What is the millions digit of 9359513?
9
What is the thousands digit of 301678837?
8
What is the hundred thousands digit of 230084674?
0
What is the hundred millions digit of 216324153?
2
What is the units digit of 242199655?
5
What is the tens digit of 1091659999?
9
What is the thousands digit of 3076573?
6
What is the tens digit of 1156761967?
6
What is the thousands digit of 10850649?
0
What is the hundreds digit of 16588677?
6
What is the hundred thousands digit of 4148032209?
0
What is the hundred thousands digit of 480649305?
6
What is the thousands digit of 116662241?
2
What is the hundred thousands digit of 19290916?
2
What is the tens digit of 65717632?
3
What is the ten thousands digit of 46000800?
0
What is the hundreds digit of 11187951?
9
What is the hundreds digit of 180500151?
1
What is the millions digit of 399685936?
9
What is the hundreds digit of 590662294?
2
What is the units digit of 4073049342?
2
What is the thousands digit of 43287821?
7
What is the units digit of 328196932?
2
What is the hundreds digit of 1280738899?
8
What is the hundred millions digit of 265298818?
2
What is the hundred thousands digit of 5060519217?
5
What is the hundred thousan